680?
False
Is 1202370 a multiple of 10?
True
Is 15763638 a multiple of 104?
False
Is 90 a factor of 14459580?
True
Does 2 divide 12082211?
False
Is 340588594 a multiple of 1901?
False
Is 3113 a factor of 5640176?
False
Is 1179 a factor of 42627857?
False
Is 1369 a factor of 960995561?
True
Does 9 divide 231571490?
False
Does 1123 divide 360468456?
False
Does 138 divide 41561736?
True
Does 594 divide 76974678?
True
Is 1305960864 a multiple of 3198?
True
Is 1110343222 a multiple of 41?
True
Is 55 a factor of 15357639?
False
Does 501 divide 278448285?
True
Is 356078420 a multiple of 20?
True
Is 2002 a factor of 360459636?
False
Is 4 a factor of 534828068?
True
Is 272 a factor of 167992274?
False
Does 5 divide 186179735?
True
Is 399374749 a multiple of 307?
False
Is 4144 a factor of 3840054176?
True
Does 14 divide 2463687226?
True
Does 17 divide 1888839060?
True
Is 57 a factor of 98770274?
False
Is 25113050 a multiple of 154?
False
Does 4 divide 1732813?
False
Does 460 divide 63913072?
False
Is 302489143 a multiple of 55?
False
Is 245367538 a multiple of 58?
False
Does 1935 divide 64185885?
True
Does 739 divide 42740767?
False
Is 20 a factor of 22361980?
True
Does 2216 divide 752243360?
True
Does 181 divide 77093873?
True
Is 10962521 a multiple of 79?
False
Is 167835392 a multiple of 1028?
True
Does 1558 divide 490380500?
True
Does 18 divide 351226872?
True
Does 5435 divide 660749255?
True
Is 12 a factor of 70457376?
True
Is 240459178 a multiple of 4477?
False
Is 5 a factor of 3331615?
True
Is 343420830 a multiple of 13?
False
Is 917 a factor of 1863199589?
False
Is 49 a factor of 35904171?
False
Does 4 divide 17666086?
False
Does 1163 divide 209708457?
False
Is 88 a factor of 1835851016?
False
Is 91470750 a multiple of 834?
False
Does 212 divide 21629088?
True
Is 3 a factor of 14121369?
True
Is 2159483306 a multiple of 86?
True
Is 18828634 a multiple of 1669?
False
Is 365392384 a multiple of 56?
True
Does 98 divide 10623102?
True
Is 39 a factor of 5495529?
True
Is 7 a factor of 271108?
False
Is 25139963 a multiple of 2414?
False
Is 2683 a factor of 131636029?
True
Does 6562 divide 4302591846?
True
Does 100 divide 59379121?
False
Does 4 divide 590873484?
True
Does 17 divide 475602837?
False
Is 539 a factor of 2972427179?
False
Does 6 divide 598866444?
True
Does 149 divide 19742649?
True
Is 11761 a factor of 1611459572?
False
Is 340979854 a multiple of 6?
False
Is 846073866 a multiple of 401?
False
Is 3615220 a multiple of 340?
True
Does 184 divide 7424457?
False
Is 56 a factor of 102568924?
False
Is 24 a factor of 70351826?
False
Does 160 divide 106246098?
False
Does 54 divide 48205530?
True
Is 202 a factor of 4010104?
True
Is 12743830 a multiple of 55?
True
Does 2522 divide 4584270?
False
Is 1129 a factor of 388089234?
True
Is 128 a factor of 33200793?
False
Does 16 divide 262228864?
True
Does 85 divide 246292627?
False
Is 127390380 a multiple of 12?
True
Is 13103859 a multiple of 1587?
True
Does 876 divide 263168145?
False
Is 19060002 a multiple of 18?
True
Is 255 a factor of 220363605?
True
Is 2903237 a multiple of 1393?
False
Is 886 a factor of 860440672?
True
Does 256 divide 659634600?
False
Does 326 divide 10819982?
False
Does 669 divide 45888461?
False
Is 637 a factor of 39965779?
False
Is 310 a factor of 69636415?
False
Is 34740833 a multiple of 49?
False
Does 296 divide 3477028565?
False
Is 34536098 a multiple of 28?
False
Is 39358224 a multiple of 54?
True
Is 76 a factor of 1128222964?
True
Does 8 divide 15443792?
True
Is 23 a factor of 25360596?
False
Does 5 divide 75005865?
True
Is 13 a factor of 308324736?
False
Does 2404 divide 79069781?
False
Is 53 a factor of 72604922?
False
Is 11 a factor of 14334056?
True
Does 14 divide 28912633?
False
Does 10 divide 11194570?
True
Does 113 divide 4684953?
False
Is 27 a factor of 31157702?
False
Is 184 a factor of 34333664?
True
Is 249 a factor of 21896313?
True
Is 316 a factor of 42336023?
False
Is 2 a factor of 51734162?
True
Is 12 a factor of 33476549?
False
Is 2416637657 a multiple of 107?
False
Is 884 a factor of 393015969?
False
Is 61110021 a multiple of 31?
True
Is 1755679236 a multiple of 7717?
True
Is 416 a factor of 1287079574?
False
Is 198249750 a multiple of 850?
True
Does 246 divide 818953656?
False
Does 18 divide 24550038?
True
Is 892 a factor of 1393635824?
True
Is 4 a factor of 14251792?
True
Is 587158770 a multiple of 55?
True
Does 14 divide 194871589?
False
Is 697 a factor of 56363602?
True
Does 858 divide 2649272340?
True
Is 184000335 a multiple of 1401?
True
Does 41 divide 60960729?
False
Is 1089941020 a multiple of 2645?
True
Does 4 divide 45926412?
True
Is 60488311 a multiple of 5?
False
Is 34032421 a multiple of 222?
False
Is 224 a factor of 266464576?
True
Is 2006 a factor of 155115956?
True
Is 921107365 a multiple of 19?
True
Is 105 a factor of 95519655?
True
Is 22 a factor of 42848367?
False
Is 277655964 a multiple of 372?
True
Is 723 a factor of 52689348?
True
Does 235 divide 132887330?
True
Is 193103860 a multiple of 46?
True
Is 1964743882 a multiple of 9086?
False
Does 1333 divide 347031104?
False
Does 220 divide 42233180?
True
Is 145 a factor of 20666705?
True
Is 243041256 a multiple of 18?
True
Is 21 a factor of 357002075?
False
Is 1186893653 a multiple of 11?
True
Does 168 divide 147173712?
True
Does 22 divide 22861476?
True
Is 45543762 a multiple of 54?
True
Is 1653021 a multiple of 120?
False
Does 33 divide 1543125903?
True
Does 305 divide 62062872?
False
Is 82341840 a multiple of 16?
True
Is 221160862 a multiple of 5871?
False
Is 67 a factor of 1209488379?
False
Does 17 divide 5460102704?
True
Does 8 divide 26605968?
True
Is 47281151 a multiple of 2?
False
Is 19186008 a multiple of 3?
True
Is 108 a factor of 104378211?
False
Does 235 divide 41042045?
True
Is 368279210 a multiple of 13?
True
Is 31047315 a multiple of 39?
True
Does 1397 divide 1020474972?
True
Does 11 divide 8238536361?
True
Does 68 divide 274055033?
False
Is 45948506 a multiple of 10?
False
Is 532 a factor of 47356312?
False
Is 62205205 a multiple of 716?
False
Does 539 divide 43326249?
False
Is 321450974 a multiple of 659?
True
Is 1768052 a multiple of 52?
True
Does 181 divide 135145460?
True
Does 3649 divide 1570952884?
True
Is 105806675 a multiple of 1585?
True
Is 4849565 a multiple of 2?
False
Is 1135 a factor of 84640279?
False
Is 83258820 a multiple of 30?
True
Is 1286 a factor of 791132586?
False
Does 63 divide 205125417?
True
Is 464 a factor of 88349312?
True
Does 35 divide 12107051?
False
Is 705179224 a multiple of 16?
False
Is 48992760 a multiple of 828?
True
Does 3 divide 196565532?
True
Is 82 a factor of 40253264?
False
Is 10089923 a multiple of 227?
True
Is 16 a factor of 198769824?
True
Is 498 a factor of 216622836?
False
Is 336487460 a multiple of 355?
True
Does 1315 divide 623036480?
True
Is 3089 a factor of 32607484?
True
Is 10 a factor of 678580310?
True
Does 63 divide 1277136?
True
Is 14275 a factor of 2566744925?
True
Is 15 a factor of 5593410?
True
Is 1106414228 a multiple of 7?
False
Is 18996040 a multiple of 805?
False
Is 194 a factor of 77021492?
True
Is 285015926 a multiple of 2030?
False
Is 462828264 a multiple of 7912?
True
Is 3836160 a multiple of 2664?
True
Does 1222 divide 154216400?
True
Is 537543808 a multiple of 4661?
True
Is 704 a factor of 20070387?
False
Is 905973540 a multiple of 8479?
False
Does 93 divide 95382189?
False
Does 13 divide 37336468?
True
Does 4875 divide 2137079438?
False
Is 1969452 a multiple of 2169?
True
Does 309 divide 3123648246?
True
Is 1085 a factor of 99642060?
True
Is 10 a factor of 153582610?
True
Is 19 a factor of 28044494?
True
Does 5 divide 13776971?
False
Is 62917012 a multiple of 55?
False
Does 1432 divide 1140648213?
False
Is 15548652 a multiple of 189?
True
Is 30 a factor of 35232319?
False
Is 3332262664 a multiple of 6245?
False
Does 106 divide 1517698476?
False
Does 7 divide 17458609?
True
Is 65259657 a multiple of 20?
False
Is 467 a factor of 46245968?
False
Does 4594 divide 408608736?
True
Is 5868585 a multiple of 72?
False
Is 68586587 a multiple of 392?
False
Is 2 a factor of 8393320?
True
Is 483 a factor of 1824774?
True
Is 1820323209 a multiple of 1048?
False
Is 244235580 a multiple of 64?
False
Does 31 divide 2199386